divided by 14?
12
Suppose 5*x = 467 - 82. Calculate the remainder when x is divided by 21.
14
Let m be ((-720)/28)/((-2)/28). Let s be (m/(-21))/4*-7. Suppose -s = -5*x + 50. Calculate the remainder when 29 is divided by x.
13
Calculate the remainder when 8/10 - 7218/(-90) is divided by 21.
18
Let p(o) = -3*o + 4. What is the remainder when p(-4) is divided by 6?
4
Let c = -4 - -6. Suppose 3*o + o = -w + 126, 4 = c*w. Let g = -27 + 38. What is the remainder when o is divided by g?
9
Suppose 624 = -0*i + 8*i. Calculate the remainder when i is divided by 21.
15
Suppose y + 2*y - 12 = 0. Suppose -3*l = -4*l - 4*o + 66, l - 62 = -3*o. Suppose 4*j - l = -j. Calculate the remainder when j is divided by y.
2
Let q = 29 + -10. What is the remainder when 55 is divided by q?
17
Suppose -44*k = -41*k - 54. Suppose 305 = 4*u + 57. Suppose u = y - n + 14, n - 264 = -5*y. What is the remainder when y is divided by k?
16
Let d(h) = -15*h + 20. Calculate the remainder when 91 is divided by d(-2).
41
Suppose h = 4*h - 138. Suppose 0*q - q = 22. Calculate the remainder when h is divided by 4/22 + (-348)/q.
14
Let v(q) = 8*q**2 + q - 1. Let z be v(1). Suppose -2*o + 10 + z = 0. What is the remainder when o is divided by 6?
3
Let q(i) = -2*i - 4. Let w = 11 + -22. Let f be q(w). Let u = -12 + f. What is the remainder when u is divided by 4?
2
Let p(t) = -t**2 + t + 7. Let i(y) = y - 2. What is the remainder when p(0) is divided by i(5)?
1
Suppose -4*k + 14 = -5*n + 54, 45 = 5*n - 5*k. Calculate the remainder when 7 is divided by n.
3
Suppose s = -3*r - 9, 5*s + 3*r + 2*r = -25. Calculate the remainder when 89 is divided by (s + 4)/((-1)/(-23)).
20
Let b(t) = t + 7. Suppose s - 5 = -8. What is the remainder when 14 is divided by b(s)?
2
Let g(l) = -l**2 - 10*l + 17. Let c be g(-12). Let f(r) = r**2 + 7*r + 2. What is the remainder when 5 is divided by f(c)?
1
Calculate the remainder when 106 - (3 + -3)/(-1) is divided by 27.
25
What is the remainder when 9 is divided by 126/(-33) + 4 + 106/22?
4
Let a(v) = 5*v**2 - 15*v - 25. Calculate the remainder when a(8) is divided by 45.
40
Suppose -3*u - 4*q = -9, -14 = -2*u + 2*q + 6. Let p(b) = -12*b**2 + 14*b**2 + 17*b**2. Calculate the remainder when p(-1) is divided by u.
5
What is the remainder when 49 + -7 + (0 - -3) is divided by 24?
21
Let d = -83 - -124. What is the remainder when d is divided by 6?
5
Calculate the remainder when 2*(-1 - (-198)/4) is divided by 25.
22
Suppose 4*u + 94 = 3*r - 85, -5*u = -3*r + 184. Let l(s) = -s**3 + 7*s**2 - 10*s + 14. Calculate the remainder when r is divided by l(5).
11
Suppose -3*p + 48 = -3*f - 12, 0 = 5*p + f - 130. What is the remainder when 40 is divided by p?
15
Let q = -1 - -5. Suppose -2*v = q*o + 12, -5*v - 2*o + 6 = -v. Suppose -3*t + 48 = -v*a, -3*t + 2*a + 55 = 13. Calculate the remainder when 33 is divided by t.
9
Let x(b) = -3*b**3 - 3*b**2 - 2*b - 1. Let u = 1 + 4. Let o(h) = -h**3 + 7*h**2 - 4*h - 2. Calculate the remainder when o(u) is divided by x(-2).
13
Let l(y) = 3*y + 3. Calculate the remainder when l(4) is divided by 4.
3
Let g(o) = o**2. Suppose 3*w + w - 20 = 2*r, 3*r + 15 = w. Let i be g(r). Let f = 22 - i. What is the remainder when 16 is divided by f?
4
Suppose -3*p = -p + 2*x - 196, 5*x - 86 = -p. Calculate the remainder when p is divided by 26.
23
Let s = 92 + -15. Suppose 0 = -3*p - 5*b + s, p + 5*b = 4*p - 127. Calculate the remainder when p is divided by 12.
10
Suppose 2*h = -3*m + 24, -5*m - 2*h + 6*h = -40. Calculate the remainder when 45 is divided by m.
5
Let x(c) = 589*c**2 + 1. Let f be x(1). Suppose -3*s = 2*s - f. Calculate the remainder when s is divided by 30.
28
Let v(o) = o**3 - 8*o**2 + 2*o + 3. Let y be v(4). Let x = -37 - -25. Let f = x - y. What is the remainder when f is divided by 21?
20
Let c(g) = 1 + 2*g - 2 + 9*g**2 - 5*g. Let q(h) = -5*h**2 + 2*h + 1. Let d(s) = 3*c(s) + 5*q(s). Calculate the remainder when 15 is divided by d(-2).
7
Let m(j) be the second derivative of 19*j**4/24 - j**3/2 - j**2 - j. Let i(x) be the first derivative of m(x). What is the remainder when i(2) is divided by 12?
11
Suppose -44 = -5*m + 401. What is the remainder when m is divided by 23?
20
Suppose -2*p + 15 = p. Suppose -h + 5 + p = 0. What is the remainder when h is divided by 4?
2
Let t be 11 + -1*(5 + -2). Suppose t - 40 = -4*u. Calculate the remainder when u is divided by 3.
2
What is the remainder when 44 is divided by 1781/117 - 4/18?
14
Let h = 13 - 5. Suppose -z + 2*z = n + 4, 3*n + 6 = 0. Suppose -2*r + 53 = 3*l, 0 = -z*l - 2*r - 0*r + 38. Calculate the remainder when l is divided by h.
7
Let z(a) = a**3 + 8*a**2 - 5*a - 15. Calculate the remainder when z(-7) is divided by 5.
4
Let s = 219 - 38. What is the remainder when s is divided by 26?
25
Let w(u) be the third derivative of 1/20*u**5 + 2*u**2 + 0 - 1/6*u**3 - 1/120*u**6 + 0*u + 1/4*u**4. Calculate the remainder when w(4) is divided by 4.
3
Let s(o) = -3*o**2 + 2*o - 1. Let d be s(1). Suppose -2*r - 2*r = -36. Calculate the remainder when (-711)/(-45) - d/10 is divided by r.
7
Let o be 4/(-6)*9/(-3). Suppose -2*t + d + 29 = 0, 0 = o*t + 6*d - 2*d - 24. What is the remainder when 41 is divided by t?
13
Suppose 0 = 2*k - 5*k - 24. Let b = k + 22. Calculate the remainder when 27 is divided by b.
13
Calculate the remainder when 67 is divided by (-1 + 3 + (-15)/9)*51.
16
Suppose -z + 3*q - 9 = 0, -5*z - 5 = -2*q + 1. Suppose -4 = -v - z*v. Let s = 2 + 1. What is the remainder when v is divided by s?
1
Let o = 20 - 9. Suppose -j + 8 = 22. Let c = -10 - j. Calculate the remainder when o is divided by c.
3
Suppose 0*v = 5*v - 15. Suppose 0 = v*f - 2 - 1. Calculate the remainder when 1 is divided by f.
0
Let x(s) = -s - 1. Let u be 2/5 + 22/(-5). Let d be x(u). Suppose -1 = k - 5, 2*r = -d*k + 38. What is the remainder when 37 is divided by r?
11
Let f(y) = -y - 5. Let t be f(-5). Let o = t - -16. Suppose 2*q + 6 = o. Calculate the remainder when q is divided by 3.
2
Suppose -3*i = -i. Let a = 2 + i. Calculate the remainder when 22/(-2 + a - -1) is divided by 8.
6
Let n = 27 + -24. What is the remainder when 27 is divided by n?
0
Suppose 65 = 5*v - 5*a, -4*a = -4*v - 2*a + 54. What is the remainder when 53 is divided by v?
11
What is the remainder when (420/75)/((6/(-75))/(-1)) is divided by 18?
16
Let n(q) = q**2 + 7*q + 2. Let z be n(-4). Let h be 5/(-1)*54/z. Calculate the remainder when 26 is divided by 6/27 - (-237)/h.
8
Let l(r) = r**3 + 8*r**2 + 2*r + 6. Let f be l(-6). Let z be ((-1)/(-3))/((-2)/f). Let p = z - -19. What is the remainder when 15 is divided by p?
7
What is the remainder when 98 is divided by 18 - (1 + 1 - 4)?
18
Suppose 5*d - 54 = 3*d - q, q + 120 = 4*d. Suppose 0 = 9*z - 5*z - 848. Suppose 42 = -2*m + z. Calculate the remainder when m is divided by d.
27
Let g(p) = -9*p - 3. Let h(w) = 17*w + 7. Let y(x) = -5*g(x) - 3*h(x). Suppose -30 = -2*q - q. Calculate the remainder when y(-4) is divided by q.
8
Suppose 3*g + 12 = a - g, -g = 4*a - 48. Calculate the remainder when a is divided by 5.
2
Let o(q) = -3*q**3 - 2*q**2 - 2*q + 1. Suppose -5*j - 4 = -3*j. What is the remainder when 1/((-2)/82*-1) is divided by o(j)?
20
Let t be -4 + 3 - 1 - -35. Suppose 3*b + 0*b = t. Calculate the remainder when 31 is divided by b.
9
Suppose -6*j = 2*j - 728. Suppose 0 = -2*y + i + 51, -6*y + 2*y = -3*i - 107. Calculate the remainder when j is divided by y.
22
Suppose 3*i - l - 2*l - 12 = 0, -5*i + 3*l = -22. Calculate the remainder when 14 is divided by i.
4
Let p = 376 - 237. What is the remainder when p is divided by 28?
27
Suppose 2*b - 21 = 3*c, -2*b = b + 5*c - 22. Calculate the remainder when (5 - 6)/((-1)/b) is divided by 6.
3
Let w(u) = -2*u**3 + u**2 + u - 1. Let r be w(2). Let d(n) = -4*n - 8. Let o be d(-7). Let g = r + o. What is the remainder when 25 is divided by g?
7
Suppose -2*o + 32 = -0. Let s = 6 + -8. Calculate the remainder when 10/((-3 - s)/(-3)) is divided by o.
14
Let x(j) = -4*j + 14. Calculate the remainder when 83 is divided by x(-7).
41
Suppose -63 = 63*a - 66*a. Let j = -6 - -12. What is the remainder when a is divided by j?
3
What is the remainder when (-40)/140 - 443/(-7) is divided by 16?
15
Let q(j) be the first derivative of -21*j**4/4 - j**3/3 